128?
False
Does 1353 divide 1368939534?
False
Is 8242 a factor of 1898833170?
True
Is 31880927 a multiple of 1167?
False
Is 16 a factor of 70870272?
True
Does 128 divide 348777044?
False
Does 4 divide 14952153?
False
Is 4391985 a multiple of 39?
True
Does 378 divide 124653907?
False
Is 133 a factor of 926744?
True
Is 1036 a factor of 13861651?
False
Is 30236244 a multiple of 26?
False
Is 26 a factor of 376950398?
False
Is 167 a factor of 10768755?
False
Is 274 a factor of 495013058?
True
Is 5119349 a multiple of 86?
False
Does 3524 divide 16992728?
True
Is 166 a factor of 22314875?
False
Is 12 a factor of 34010004?
True
Is 4712 a factor of 927912942?
False
Is 13913909 a multiple of 2?
False
Is 2271 a factor of 27251103?
False
Does 5071 divide 466983319?
True
Is 227 a factor of 46036054?
True
Is 12 a factor of 1596512746?
False
Is 132704611 a multiple of 79?
False
Does 729 divide 1151061840?
True
Is 80068302 a multiple of 9?
True
Is 7829360 a multiple of 22?
True
Does 16 divide 1319450512?
True
Does 1699 divide 52616331?
True
Is 17 a factor of 27123483?
True
Does 21 divide 1187708865?
True
Does 508 divide 285952692?
True
Does 35 divide 8205204?
False
Is 505 a factor of 1207362747?
False
Is 41 a factor of 42524011?
True
Does 4 divide 30583884?
True
Is 67 a factor of 139554099?
True
Does 18 divide 260599437?
False
Does 35 divide 54628945?
True
Is 283463040 a multiple of 3864?
True
Is 38 a factor of 136627453?
False
Is 5595 a factor of 726997613?
False
Does 2135 divide 10000340?
True
Does 13 divide 1881432566?
True
Is 33183571 a multiple of 62?
False
Does 16 divide 45439249?
False
Does 519 divide 291309915?
False
Is 35784086 a multiple of 13?
True
Is 2363 a factor of 19741031?
False
Is 6 a factor of 6159012?
True
Is 22255656 a multiple of 24?
True
Does 7 divide 25258674?
True
Is 180 a factor of 203479920?
True
Is 5 a factor of 24362430?
True
Is 30 a factor of 3010451?
False
Is 2410255562 a multiple of 22?
True
Is 455 a factor of 232413042?
False
Does 45 divide 48690885?
False
Is 183 a factor of 215953993?
False
Does 7762 divide 423320469?
False
Is 154 a factor of 53454786?
True
Does 87 divide 305300226?
True
Is 671 a factor of 84517818?
True
Is 66564356 a multiple of 98?
False
Is 4753133 a multiple of 7?
True
Is 2912919 a multiple of 22?
False
Is 66657075 a multiple of 4782?
False
Is 14040365 a multiple of 60?
False
Does 1585 divide 76194120?
True
Does 412 divide 40243355?
False
Does 304 divide 24957488?
True
Is 1707322 a multiple of 56?
False
Is 735 a factor of 323262212?
False
Is 1316589 a multiple of 69?
True
Is 1316 a factor of 67137056?
True
Does 1895 divide 2394709605?
True
Is 115166089 a multiple of 853?
True
Is 261213068 a multiple of 101?
True
Does 11 divide 117006397?
False
Is 125 a factor of 4626052?
False
Is 64869721 a multiple of 8?
False
Is 27 a factor of 582652791?
True
Is 64 a factor of 3188277?
False
Is 7969828 a multiple of 17?
False
Does 33 divide 5664142?
False
Is 21 a factor of 10439700?
False
Does 31 divide 694531708?
False
Is 7408881 a multiple of 5?
False
Is 42455725 a multiple of 158?
False
Is 524 a factor of 234217520?
True
Does 25 divide 21559620?
False
Is 3764117952 a multiple of 16?
True
Is 2 a factor of 181316050?
True
Is 1249027637 a multiple of 1773?
False
Does 388 divide 1221487244?
True
Is 518593060 a multiple of 1396?
True
Is 1154 a factor of 36655790?
False
Is 84962547 a multiple of 57?
True
Does 1019 divide 1037371746?
False
Is 340294304 a multiple of 112?
True
Is 25604176 a multiple of 676?
True
Is 34267011 a multiple of 1237?
False
Does 59 divide 262635968?
False
Is 1542199680 a multiple of 2760?
True
Is 28 a factor of 189323652?
True
Is 17 a factor of 380926227?
False
Is 28 a factor of 3950062143?
False
Does 419 divide 2613084476?
False
Is 14 a factor of 2931987?
False
Is 612 a factor of 4043484?
True
Is 23 a factor of 893695989?
False
Is 149315566 a multiple of 62?
False
Is 805618001 a multiple of 925?
False
Is 9 a factor of 435951396?
True
Is 3058 a factor of 3089182426?
True
Does 11 divide 105685239?
True
Is 3 a factor of 1884271?
False
Does 51 divide 6904907?
False
Is 65 a factor of 83750754?
False
Is 33 a factor of 8369832?
False
Is 967143 a multiple of 88?
False
Is 5015714 even?
True
Is 414949041 a multiple of 141?
True
Is 16 a factor of 973024640?
True
Does 84 divide 368517777?
False
Is 505 a factor of 1696688505?
False
Is 33967972 a multiple of 229?
False
Is 3670 a factor of 137683720?
True
Does 64 divide 148833103?
False
Does 34 divide 51096560?
True
Is 28556126 a multiple of 1854?
False
Is 66030033 a multiple of 1679?
True
Is 9941379 a multiple of 51?
True
Is 94 a factor of 24804465?
False
Is 5963250 a multiple of 535?
False
Is 1077 a factor of 671250157?
False
Is 392 a factor of 45237192?
True
Is 19 a factor of 1295028780?
False
Is 27674892 a multiple of 45?
False
Is 180506919 a multiple of 15?
False
Does 4952 divide 2268078241?
False
Is 3 a factor of 561161?
False
Is 2739153592 a multiple of 14?
True
Does 16 divide 1540327946?
False
Is 368 a factor of 970943712?
True
Is 8 a factor of 126963277?
False
Is 5 a factor of 194239674?
False
Is 261263171 a multiple of 2561?
False
Is 242 a factor of 17527566?
False
Is 142 a factor of 1968029120?
True
Does 34 divide 14180982?
False
Is 12113817 a multiple of 3?
True
Is 272290445 a multiple of 2737?
True
Does 49 divide 87438344?
True
Is 1922 a factor of 105740036?
False
Is 10661051 a multiple of 189?
False
Does 924 divide 192932124?
True
Does 4418 divide 4969821454?
True
Does 2316 divide 906119877?
False
Does 1269 divide 329701428?
True
Is 1059 a factor of 8810880?
True
Is 112 a factor of 226456720?
True
Is 111 a factor of 3835951238?
False
Does 108 divide 58459968?
True
Is 544 a factor of 84003392?
True
Is 4738008000 a multiple of 4800?
True
Is 131 a factor of 101485700?
True
Does 39 divide 153175983?
False
Does 77 divide 381887069?
False
Is 19549920 a multiple of 10?
True
Does 37 divide 218917343?
False
Is 382404554 a multiple of 14?
True
Is 1640 a factor of 2793061?
False
Is 319 a factor of 12595258?
False
Does 50 divide 40073733?
False
Does 15 divide 29871030?
True
Does 890 divide 1671558927?
False
Is 1400370 a multiple of 3?
True
Does 103 divide 579478?
True
Does 7 divide 23403336?
False
Is 15 a factor of 1659636?
False
Is 545180862 a multiple of 19?
False
Does 387 divide 1040164207?
False
Does 814 divide 7966638?
False
Is 691742285 a multiple of 65?
True
Does 5 divide 3565634?
False
Does 98 divide 5460530?
False
Is 351947092 a multiple of 47?
True
Is 1577 a factor of 169128519?
True
Is 42117204 a multiple of 8?
False
Is 55 a factor of 1583644865?
True
Is 1378078390 a multiple of 65?
True
Is 1247876993 a multiple of 11?
True
Does 130 divide 8128052?
False
Is 982907345 a multiple of 16?
False
Is 183 a factor of 170700521?
False
Does 2667 divide 537672534?
True
Is 17019856 a multiple of 8?
True
Is 170629781 a multiple of 41?
False
Does 89 divide 996052541?
False
Is 68836572 a multiple of 882?
True
Is 2467357813 a multiple of 8423?
True
Is 13606416 a multiple of 48?
True
Does 9 divide 472493038?
False
Does 245 divide 35385768?
False
Is 22 a factor of 111525615?
False
Is 297576893 a multiple of 4057?
True
Does 17 divide 13765123?
False
Is 403563888 a multiple of 1456?
True
Is 6120 a factor of 349194960?
True
Does 2741 divide 158846639?
False
Does 115 divide 1713751811?
False
Is 51096640 a multiple of 560?
True
Is 25 a factor of 12168984?
False
Is 469507521 a multiple of 1939?
True
Does 21 divide 9365517?
True
Does 212 divide 285427067?
False
Is 412 a factor of 136070828?
True
Is 513352742 a multiple of 2130?
False
Is 1449242630 a multiple of 5413?
False
Is 44169035 a multiple of 3?
False
Does 21 divide 1712367321?
True
Is 8 a factor of 32397677?
False
Does 1525 divide 994129200?
True
Does 387 divide 16421184?
True
Is 180673028 a multiple of 185?
False
Is 162 a factor of 105300?
True
Is 235 a factor of 589169910?
True
Is 646317936 a multiple of 16?
True
Is 4 a factor of 499014?
False
Is 135768567 a multiple of 1181?
False
Is 76557078 a multiple of 1198?
False
Is 51662261 a multiple of 162?
False
Is 111 a factor of 180638736?
True
Is 844884875 a multiple of 475?
True
Does 148 divide 1049363504?
False
Is 46 a factor of 165664308?
True
Is 13 a factor of 56